*3 + 2*a**2 - 3*a + 5. What is the units digit of f(-3)?
2
What is the tens digit of ((-2460)/287)/(11/14 - 1)?
4
Let z = 19 + -20. Let i = 37 - 71. What is the units digit of -1*(z/(-1) + i)?
3
Let h(r) = 8 - 2 - 5 + 0. Let d(a) = a**3 - 2*a**2 - 2*a. Let b(t) = d(t) - 3*h(t). What is the units digit of b(4)?
1
Suppose -m + 1034 = -k + 395, 639 = m + 5*k. What is the units digit of m?
9
Let x(c) = 146*c + 4. What is the hundreds digit of x(2)?
2
Let k(c) = -c**3 - 7*c**2 - 3*c - 7. Let w be k(-7). Let d(b) = 6*b**3 - b**2 - 2*b - 1. Let v be d(-1). Let l = v + w. What is the units digit of l?
8
What is the units digit of -949*(-3 - -2) + (5 - 3)?
1
Suppose -6 = -0*q + 3*q, -5*v - 260 = -5*q. Suppose 335 = 4*l - 3*y, 2*y + 183 + 151 = 4*l. Let p = v + l. What is the units digit of p?
9
Suppose -20*j + 10658 = -18502. What is the hundreds digit of j?
4
Suppose w = -3*w - 272. What is the tens digit of (w - 2)/(7 - 8)?
7
Suppose 23*r - 37*r + 9240 = 0. What is the tens digit of r?
6
Let g be (-2)/(-9) - 457/(-9). Let u = -11 - -35. Let c = g - u. What is the tens digit of c?
2
Let n = 595 + 278. What is the units digit of n?
3
Let q = 372 - 218. Let x = q - 89. What is the tens digit of x?
6
Suppose -2*s + 0*s = -3*i + 13, i - 8 = -3*s. What is the units digit of i?
5
Suppose 4*n - 16 - 40 = 0. Suppose -n*l - 140 = -9*l. What is the tens digit of (-154)/(-8) - 21/l?
2
Suppose l + 3 = 10. Suppose -3*m = 3*d - 681, -l*m + 3*m + 944 = -5*d. What is the units digit of m?
1
What is the units digit of (-40)/(-6) + 64/48?
8
What is the thousands digit of ((-111)/9)/(3/(-621))?
2
Let i(g) = g**3 + 19. Let z(d) = 5*d + 11. Let j(h) = -9*h - 21. Let r(c) = -6*j(c) - 11*z(c). Let u be r(5). What is the tens digit of i(u)?
1
Let y = 762 + -230. What is the units digit of y?
2
Let f be (-8)/(-3) + (-2)/(-6). Suppose -k - y - 7 = 12, 0 = -3*k - y - 49. What is the units digit of (k/(-4) - f)*20?
5
Suppose -49*y + 61*y = 276. What is the tens digit of y?
2
Let k = -775 + 879. Let m = 4 - 0. Suppose 0 = -m*o + k + 116. What is the units digit of o?
5
Suppose 0 = 4*g - 6*m + 11*m - 6349, 2*g = 5*m + 3137. What is the thousands digit of g?
1
Let t = -19 + 21. What is the units digit of (3 - t)/((-5)/(-45))?
9
Let k = -31 - -37. Suppose -k*o - 29 = -215. What is the tens digit of o?
3
Let q(y) = -y**3 - 13*y**2 + 17*y + 22. Let p be q(-15). Let i = p + -98. What is the units digit of i?
9
What is the units digit of (5 - (-13069)/21)/(4/6)?
1
Let s be 10/5*(-70)/(-4). Let o = s - 68. What is the tens digit of o/1*4/(-6)?
2
Let a(y) = y**3 + 8*y**2 - 9*y + 2. Let n be a(-9). Suppose -u - 24 = -5*u. Suppose -3*r + 5*x = 9, n*r - u - 10 = -4*x. What is the units digit of r?
2
Suppose -5*r + n - 45 = 0, 5*r - r + 2*n = -36. Let t = r + 5. Let c = t + 7. What is the units digit of c?
3
Suppose 3 = -3*y + 9. Let i be 68/6 + y/3. Let k = i - -19. What is the tens digit of k?
3
Let w be (-5 - -3)/(4/(-6)). Suppose 3*x - w*a - 32 = -5, -3*x + 39 = 3*a. Suppose 46 = j + x. What is the units digit of j?
5
Suppose -f - 4*j + 3013 = 0, -2*j + 3*j + 15044 = 5*f. What is the units digit of f?
9
Suppose 10 = -3*b + 4*f, -4*b = -3*b - 2*f + 4. Let p be ((-1)/b)/(4/24). Suppose -j - p*j + 235 = -3*y, -3*j - 4*y + 145 = 0. What is the tens digit of j?
5
Let c(r) = 0*r**2 + 2*r + 14 - r**2 - 13. Let f be c(3). Let t(g) = -2*g**3 + 3*g + 3. What is the tens digit of t(f)?
1
What is the units digit of 373 + (-16)/4 - (-1 + -2)?
2
What is the tens digit of (-2)/(-10) - (-138632)/215?
4
Let n(s) = -s**3 - 16*s**2 + 18*s + 23. Let z be (-9)/(-4)*(-16)/(-12). Suppose -18 = -z*k - 69. What is the units digit of n(k)?
6
Suppose 13*a + 925 - 171 = 0. Suppose 3*g - 141 + 390 = 0. Let z = a - g. What is the tens digit of z?
2
Let u = 3657 + -1987. What is the units digit of u?
0
Suppose 2390 = -17*d + 9122. What is the hundreds digit of d?
3
Let d be (110/5)/(1 - 0). Let n be (11/d)/(1/382). Suppose -4*o + 4*r = 5*r - n, o - 47 = -r. What is the units digit of o?
8
Let i = 2 + -6. Let j be i/(-1)*4/8. What is the tens digit of (28/10)/(j/10)?
1
Let r be (-6)/(-4)*(-10)/(-3). Suppose 6 = -r*c + 81. Suppose c + 3 = x. What is the tens digit of x?
1
Let q(o) = -9 + 29*o - 13 + 0*o. What is the units digit of q(6)?
2
Let q = 9 + -5. Suppose 39 = 2*j + l - 112, j - 3*l - 72 = 0. Suppose 0 = -q*o + o + j. What is the units digit of o?
5
Let i = 44 - 42. Suppose 321 + 8 = i*v + 3*g, 3*g = 3. What is the tens digit of v?
6
Suppose 5*l = 4*g - 25, 0*l - 4*l = 5*g - 21. Suppose -y = 2*y - 4*y. Suppose -n + g = -y*n. What is the units digit of n?
5
Suppose -3*w + 5*v = -1612 - 37, 0 = w - 3*v - 547. What is the units digit of w?
3
Suppose -564 = 68*c - 71*c. What is the units digit of c?
8
Let j(l) = 37*l**2 + 2*l + 2. Let v be j(-2). Let s = -127 + v. What is the units digit of s?
9
Let l = -21 + 39. Suppose -3*i = 21 - l. Let v(u) = -21*u + 2. What is the tens digit of v(i)?
2
What is the hundreds digit of 6 + -8 - 9/((-27)/8655)?
8
Let d(o) = 131*o + 480. What is the tens digit of d(13)?
8
Suppose -2*d - 2*g = 18 - 90, -215 = -5*d + 2*g. Let v = d - 25. What is the tens digit of v?
1
Let i(w) = -2*w**3 + 22*w**2 + 11*w + 1. Let p(s) = s**2 + s - 1. Let v be p(3). What is the units digit of i(v)?
2
Suppose 4*w - 2232 = -14*w. What is the hundreds digit of w?
1
Suppose 7 = -6*z + 19. Suppose 12 = z*l - 70. What is the tens digit of l?
4
Let v(t) = t**2 - 6*t + 5. Let m be v(3). Let w be (2 - -60) + -1 + 3. What is the units digit of 1/m - (-1424)/w?
2
Let k(u) = -204*u - 159. What is the units digit of k(-3)?
3
Let u(k) = 83*k - 20. What is the units digit of u(7)?
1
Suppose -3*l - 7*c + 3336 = -13*c, 0 = 3*l + 4*c - 3366. What is the units digit of l?
8
Let d = -1919 - -2873. What is the units digit of d?
4
Let f(o) = o**3 + 2*o**2 + 2*o + 5432. What is the hundreds digit of f(0)?
4
Suppose -1915 = -4*q + 3*s, 3*q - 99 = -s + 1334. What is the tens digit of q?
7
Let m(n) = -11*n + 3. Let s = 14 + -16. What is the units digit of m(s)?
5
Suppose -2*h + 6*h + 4 = -3*a, -3*h = 3*a + 3. Suppose -4*j + o = -a*o - 7, 0 = -o + 1. Suppose 2*v = -j*v + 44. What is the tens digit of v?
1
Suppose 0 = 23*c - 31*c + 3152. Let z = c + -182. What is the units digit of z?
2
Let p(i) = -i**2 - 100*i + 29. What is the thousands digit of p(-11)?
1
Let i(t) be the third derivative of -5*t**4/12 - 4*t**3/3 - 11*t**2. What is the units digit of i(-3)?
2
Let k(a) = -a**3 - 13*a**2 - a - 7. Let d = 16 - 7. Suppose r + d = -4. What is the units digit of k(r)?
6
What is the units digit of -85*(546/(-60) - 10/(-4))?
1
Suppose -5*z - 290 = 4*i - 770, 360 = 3*i + z. What is the hundreds digit of i?
1
Suppose v + 11478 = 4*v + 5*i, 0 = 5*i - 15. What is the hundreds digit of v?
8
Let i = 9035 + -4822. What is the tens digit of i?
1
Suppose 7450 = 4*x + 2*r, -5*x - r - 1867 = -6*x. What is the thousands digit of x?
1
Suppose 4*o + o = 3*c + 1499, 0 = o - 4*c - 310. What is the tens digit of o?
9
Let k(d) = 3*d + 33. Let s be k(-10). Suppose 0 = -s*r - 4*a + 256, r + 2*a - 78 = 8. What is the units digit of r?
4
Let y(g) = -3*g**3 + 13*g**2 - 17*g - 9. Let d(n) = 7*n**3 - 26*n**2 + 35*n + 18. Let z(j) = -2*d(j) - 5*y(j). What is the tens digit of z(12)?
4
Let f(a) = -a**2 + 1. Let d be f(1). Suppose -2*x + x = d. Suppose x = w - 7 - 16. What is the units digit of w?
3
Let n(i) = -31*i + 236. What is the units digit of n(-23)?
9
Suppose -330*s + 19998 = -312*s. What is the units digit of s?
1
Suppose -2*s + 0*s = -22. Suppose i = -2*h - 4, 2*i + 5*h + 1 = -s. Suppose 5*y - 97 = -2*d - 2*d, i*d = 4*y + 52. What is the tens digit of d?
1
Let r(h) = -26*h + 93. What is the tens digit of r(-18)?
6
Let a(p) = 3*p**3 - 2*p**3 + 0*p**3 - p + 0*p**3. Let m be a(1). Suppose m = -5*g + 3*g + 12. What is the units digit of g?
6
Suppose 3984 = 102*t - 90*t. What is the hundreds digit of t?
3
Let l be 0*((-1)/2 - 0). Suppose -3*i = 4*p + 16, -i + p + p + 8 = 0. Suppose l = 2*y - 0*x - x - 3, i = 4*y - 3*x - 3. What is the units digit of y?
3
Suppose -3*f = -2*m - 3700, -2*f = 5*m - 3292 + 819. What is the units digit of f?
4
What is the units digit of 0/1 + 148 + 3729?
7
Let m(q) be the third derivative of q**5/60 + q**4/12 - q**3/6 - 8*q**2. Wh